{"id":1300,"date":"2024-10-14T22:43:53","date_gmt":"2024-10-15T01:43:53","guid":{"rendered":"https:\/\/fiacbahia.com.br\/?page_id=1300"},"modified":"2024-10-14T22:43:53","modified_gmt":"2024-10-15T01:43:53","slug":"tudo-sobre-o-fiac-2024","status":"publish","type":"page","link":"https:\/\/fiacbahia.com.br\/2024\/tudo-sobre-o-fiac-2024\/","title":{"rendered":"Tudo sobre o FIAC 2024!"},"content":{"rendered":"<p>O Festival Internacional de Artes C\u00eanicas da Bahia (FIAC Bahia) est\u00e1 de volta, celebrando sua 15\u00aa edi\u00e7\u00e3o de 22 a 27 de outubro, em Salvador. Em seis dias de programa\u00e7\u00e3o intensa para adultos e crian\u00e7as, com espet\u00e1culos de dan\u00e7a, teatro e performances, o FIAC Bahia 15 tamb\u00e9m promover\u00e1 oficinas art\u00edsticas e os encontros reflexivos do 9\u00ba Semin\u00e1rio Internacional de Curadoria e Media\u00e7\u00e3o em Artes C\u00eanicas, que acontece dentro do festival.<\/p>\n<p>Este ano, o FIAC prop\u00f5e a instigante quest\u00e3o <em>&#8220;Que Bahia \u00e9 essa?&#8221;<\/em>, olhando para a produ\u00e7\u00e3o de artes c\u00eanicas do estado em di\u00e1logo com outras paisagens, no desejo de revelar suas nuances e diversidades. Um duplo movimento, para dentro e para fora, que reposiciona o festival em um novo ciclo de quatro anos, enfatizando o seu papel para o desenvolvimento cultural local. A 15\u00aa. edi\u00e7\u00e3o do FIAC Bahia \u00e9 uma realiza\u00e7\u00e3o 7oito Projetos e Produ\u00e7\u00f5es, com apoio financeiro do Estado da Bahia, atrav\u00e9s do Fundo de Cultura, Secretaria de Cultura e Secretaria da Fazenda.<\/p>\n<p><img loading=\"lazy\" decoding=\"async\" class=\"size-medium wp-image-1270 aligncenter\" src=\"https:\/\/fiacbahia.com.br\/2024\/wp-content\/uploads\/2024\/10\/Museu-do-Que-Somos-foto-Diney-Araujo-11-300x200.jpg\" alt=\"\" width=\"300\" height=\"200\" srcset=\"https:\/\/fiacbahia.com.br\/2024\/wp-content\/uploads\/2024\/10\/Museu-do-Que-Somos-foto-Diney-Araujo-11-300x200.jpg 300w, https:\/\/fiacbahia.com.br\/2024\/wp-content\/uploads\/2024\/10\/Museu-do-Que-Somos-foto-Diney-Araujo-11-1024x683.jpg 1024w, https:\/\/fiacbahia.com.br\/2024\/wp-content\/uploads\/2024\/10\/Museu-do-Que-Somos-foto-Diney-Araujo-11-768x512.jpg 768w, https:\/\/fiacbahia.com.br\/2024\/wp-content\/uploads\/2024\/10\/Museu-do-Que-Somos-foto-Diney-Araujo-11-1080x720.jpg 1080w, https:\/\/fiacbahia.com.br\/2024\/wp-content\/uploads\/2024\/10\/Museu-do-Que-Somos-foto-Diney-Araujo-11.jpg 1168w\" sizes=\"auto, (max-width: 300px) 100vw, 300px\" \/><\/p>\n<p>O FIAC Bahia ocupar\u00e1 espa\u00e7os culturais, espa\u00e7os p\u00fablicos e ambientes n\u00e3o convencionais de Salvador com produ\u00e7\u00f5es vindas de diversas regi\u00f5es da Bahia, al\u00e9m de contar com a participa\u00e7\u00e3o de artistas nacionais e internacionais. Est\u00e3o confirmadas montagens de Salvador (<a href=\"https:\/\/fiacbahia.com.br\/artista\/sample\/\"><em>SAMPLE: \u00e9 que nem cortar quiabo<\/em><\/a> e <a href=\"https:\/\/fiacbahia.com.br\/artista\/museu-do-que-somos\/\"><em>Museu do Que Somos<\/em><\/a>), Chapada Diamantina (<a href=\"https:\/\/fiacbahia.com.br\/artista\/batom-de-beterraba\/\"><em>Batom de Beterraba<\/em><\/a>), Juazeiro (<a href=\"https:\/\/fiacbahia.com.br\/artista\/eu-ca-com-meus-botoes\/\"><em>Eu c\u00e1 com meus bot\u00f5es<\/em><\/a>), Rio de Janeiro (<a href=\"https:\/\/fiacbahia.com.br\/artista\/vogue-funk\/\"><em>Vogue Funk<\/em><\/a> e <a href=\"https:\/\/fiacbahia.com.br\/artista\/meu-corpo-esta-aqui\/\"><em>Meu corpo est\u00e1 aqui<\/em><\/a>), Natal (<a href=\"https:\/\/fiacbahia.com.br\/artista\/contra-xawara\/\"><em>CONTRA XAWARA, Deus das Doen\u00e7as ou Troca Injusta<\/em><\/a>), Fran\u00e7a (<a href=\"https:\/\/fiacbahia.com.br\/artista\/lhomme-v\/\"><em>L\u00b4Homme V.<\/em><\/a>) e Marrocos (<a href=\"https:\/\/fiacbahia.com.br\/artista\/subject-to\/\"><em>Subject to<\/em><\/a>).<\/p>\n<p><img loading=\"lazy\" decoding=\"async\" class=\"size-medium wp-image-1283 aligncenter\" src=\"https:\/\/fiacbahia.com.br\/2024\/wp-content\/uploads\/2024\/10\/Subject-To-1-1-300x300.jpg\" alt=\"\" width=\"300\" height=\"300\" srcset=\"https:\/\/fiacbahia.com.br\/2024\/wp-content\/uploads\/2024\/10\/Subject-To-1-1-300x300.jpg 300w, https:\/\/fiacbahia.com.br\/2024\/wp-content\/uploads\/2024\/10\/Subject-To-1-1-150x150.jpg 150w, https:\/\/fiacbahia.com.br\/2024\/wp-content\/uploads\/2024\/10\/Subject-To-1-1-470x470.jpg 470w, https:\/\/fiacbahia.com.br\/2024\/wp-content\/uploads\/2024\/10\/Subject-To-1-1-606x606.jpg 606w, https:\/\/fiacbahia.com.br\/2024\/wp-content\/uploads\/2024\/10\/Subject-To-1-1.jpg 700w\" sizes=\"auto, (max-width: 300px) 100vw, 300px\" \/><\/p>\n<p><strong>ABERTURA \u2013<\/strong> A abertura ser\u00e1 com o espet\u00e1culo carioca <a href=\"https:\/\/fiacbahia.com.br\/artista\/vogue-funk\/\"><em>Vogue Funk<\/em><\/a>, no dia 22 de outubro, \u00e0s 19h, no Teatro Experimental da Escola de Dan\u00e7a da UFBA (Ondina). Misturando os universos da cultura funk e a cultura ballroom\/vogue, Vogue Funk promete transformar a abertura do FIAC numa grande \u201cfesta dan\u00e7ante\u201d, ao trazer para os holofotes as batalhas, vestimentas, coreografias, atitude e questionamentos s\u00f3cio-pol\u00edticos desses movimentos que ganham cada vez mais for\u00e7a nas culturas perif\u00e9ricas do Brasil.<\/p>\n<p><img loading=\"lazy\" decoding=\"async\" class=\"size-medium wp-image-1290 aligncenter\" src=\"https:\/\/fiacbahia.com.br\/2024\/wp-content\/uploads\/2024\/10\/Vogue-Funk-300x200.jpg\" alt=\"\" width=\"300\" height=\"200\" srcset=\"https:\/\/fiacbahia.com.br\/2024\/wp-content\/uploads\/2024\/10\/Vogue-Funk-300x200.jpg 300w, https:\/\/fiacbahia.com.br\/2024\/wp-content\/uploads\/2024\/10\/Vogue-Funk-768x512.jpg 768w, https:\/\/fiacbahia.com.br\/2024\/wp-content\/uploads\/2024\/10\/Vogue-Funk.jpg 800w\" sizes=\"auto, (max-width: 300px) 100vw, 300px\" \/><\/p>\n<p>Em toda a curadoria do festival, o corpo aparece como quest\u00e3o central, mobilizando experi\u00eancias individuais e coletivas. A partir do corpo, entram em pauta as formas de elaborar mem\u00f3rias, contar hist\u00f3rias e afirmar exist\u00eancias. Neste ano, a programa\u00e7\u00e3o art\u00edstica \u00e9 marcada pela estreia local do espet\u00e1culo soteropolitano <a href=\"https:\/\/fiacbahia.com.br\/artista\/sample\/\"><em>SAMPLE: \u00e9 que nem cortar quiabo<\/em><\/a>, de Brunno de Jesus, que reverencia artistas das dan\u00e7as negras do estado. J\u00e1 a programa\u00e7\u00e3o nacional traz pela primeira vez \u00e0 Bahia o espet\u00e1culo carioca <a href=\"https:\/\/fiacbahia.com.br\/artista\/meu-corpo-esta-aqui\/\"><em>Meu Corpo Est\u00e1 Aqui<\/em><\/a> e o potiguar <a href=\"https:\/\/fiacbahia.com.br\/artista\/contra-xawara\/\"><em>CONTRA XAWARA, Deus das Doen\u00e7as ou Troca Injusta<\/em><\/a>.<\/p>\n<p><img loading=\"lazy\" decoding=\"async\" class=\"size-medium wp-image-1240 aligncenter\" src=\"https:\/\/fiacbahia.com.br\/2024\/wp-content\/uploads\/2024\/10\/Contra-Xawara_foto-B-Bruna-Damasceno-300x200.jpg\" alt=\"\" width=\"300\" height=\"200\" srcset=\"https:\/\/fiacbahia.com.br\/2024\/wp-content\/uploads\/2024\/10\/Contra-Xawara_foto-B-Bruna-Damasceno-300x200.jpg 300w, https:\/\/fiacbahia.com.br\/2024\/wp-content\/uploads\/2024\/10\/Contra-Xawara_foto-B-Bruna-Damasceno-768x512.jpg 768w, https:\/\/fiacbahia.com.br\/2024\/wp-content\/uploads\/2024\/10\/Contra-Xawara_foto-B-Bruna-Damasceno.jpg 800w\" sizes=\"auto, (max-width: 300px) 100vw, 300px\" \/><\/p>\n<p>Outro destaque \u00e9 o <a href=\"https:\/\/fiacbahia.com.br\/atividade\/seminario2024\/\"><em>9\u00ba Semin\u00e1rio Internacional de Curadoria e Media\u00e7\u00e3o em Artes C\u00eanicas<\/em><\/a>, que promove trocas entre artistas, pesquisadores e agentes culturais de v\u00e1rias partes do Brasil e de Portugal. Se a programa\u00e7\u00e3o art\u00edstica desta 15\u00aa. edi\u00e7\u00e3o do FIAC Bahia traz de forma sens\u00edvel para a cena um recorte do panorama contempor\u00e2neo das artes c\u00eanicas, o Semin\u00e1rio elabora uma perspectiva cr\u00edtica e reflexiva em rela\u00e7\u00e3o \u00e0s suas pr\u00e1ticas art\u00edsticas, de curadoria e media\u00e7\u00e3o, no atual momento hist\u00f3rico.<\/p>\n<p>Al\u00e9m disso, o festival refor\u00e7a o compromisso com a diversidade e acessibilidade, colocando parte de sua programa\u00e7\u00e3o com entrada franca e ampliando a participa\u00e7\u00e3o dos p\u00fablicos atrav\u00e9s da tradu\u00e7\u00e3o e interpreta\u00e7\u00e3o em Libras. Destaca-se tamb\u00e9m o Programa de Media\u00e7\u00e3o Cultural do FIAC Bahia, que promove acesso f\u00edsico e simb\u00f3lico ao festival desde o primeiro contato com a linguagem at\u00e9 o ingresso no mundo do trabalho. A programa\u00e7\u00e3o completa de todos os espet\u00e1culos e oficinas, assim como de todos os encontros gratuitos do 9\u00ba Semin\u00e1rio Internacional de Curadoria e Media\u00e7\u00e3o em Artes C\u00eanicas j\u00e1 pode ser conferida <a href=\"https:\/\/fiacbahia.com.br\/atividade\/seminario2024\/\"><em><strong>neste link<\/strong><\/em><\/a>. J\u00e1 os ingressos devem ser adquiridos na plataforma <a href=\"https:\/\/www.sympla.com.br\/fiacbahia\"><strong>https:\/\/www.sympla.com.br\/fiacbahia<\/strong><\/a>.<\/p>\n<p><strong>SEMIN\u00c1RIO INTERNACIONAL AMPLIA<\/strong><br \/>\n<strong>DISCUSS\u00d5ES SOBRE AS ARTES E A CULTURA NA BAHIA<\/strong><\/p>\n<p>Desde 2008, o FIAC Bahia tem investido em atividades formativas para contribuir com o futuro das artes no estado. Al\u00e9m de promover oficinas gratuitas para artistas locais, a 15\u00aa edi\u00e7\u00e3o do festival refor\u00e7a essa proposta com a realiza\u00e7\u00e3o da 9\u00aa edi\u00e7\u00e3o do Semin\u00e1rio Internacional de Curadoria e Media\u00e7\u00e3o em Artes C\u00eanicas, que acontece de 23 a 27 de outubro no Museu de Arte Contempor\u00e2nea da Bahia (Rua da Gra\u00e7a, 284) integrando a programa\u00e7\u00e3o do FIAC 2024.<\/p>\n<p><img loading=\"lazy\" decoding=\"async\" class=\"size-medium wp-image-1224 aligncenter\" src=\"https:\/\/fiacbahia.com.br\/2024\/wp-content\/uploads\/2022\/10\/Hugo-Cruz-no-Hugo-Cruz-no-FIAC-Bahia-Foto-Isabela-Bugmann-300x200.jpg\" alt=\"\" width=\"300\" height=\"200\" srcset=\"https:\/\/fiacbahia.com.br\/2024\/wp-content\/uploads\/2022\/10\/Hugo-Cruz-no-Hugo-Cruz-no-FIAC-Bahia-Foto-Isabela-Bugmann-300x200.jpg 300w, https:\/\/fiacbahia.com.br\/2024\/wp-content\/uploads\/2022\/10\/Hugo-Cruz-no-Hugo-Cruz-no-FIAC-Bahia-Foto-Isabela-Bugmann-768x512.jpg 768w, https:\/\/fiacbahia.com.br\/2024\/wp-content\/uploads\/2022\/10\/Hugo-Cruz-no-Hugo-Cruz-no-FIAC-Bahia-Foto-Isabela-Bugmann.jpg 1000w\" sizes=\"auto, (max-width: 300px) 100vw, 300px\" \/><\/p>\n<p>O Semin\u00e1rio tem coordena\u00e7\u00e3o da artista, pesquisadora e educadora Rita Aquino, e \u00e9 realizado pelo FIAC em parceria com a Universidade Federal da Bahia. Ele vai promover encontros, di\u00e1logos e atividades performativas com a participa\u00e7\u00e3o de artistas, gestores e pesquisadores do Brasil e de Portugal.<\/p>\n<p>A partir da quest\u00e3o trazida nesta edi\u00e7\u00e3o do FIAC, <em>&#8220;Que Bahia \u00e9 essa?&#8221;<\/em>, o Semin\u00e1rio prop\u00f5e discutir processos de internacionaliza\u00e7\u00e3o das artes c\u00eanicas, rela\u00e7\u00f5es entre pr\u00e1ticas curatoriais e cria\u00e7\u00e3o art\u00edstica, o papel da universidade para a formula\u00e7\u00e3o de pol\u00edticas que promovam a cultura do acesso e participa\u00e7\u00e3o social, assim como um olhar para a import\u00e2ncia dos espa\u00e7os art\u00edsticos em seus territ\u00f3rios. As atividades do Semin\u00e1rio s\u00e3o gratuitas e contam com tradu\u00e7\u00e3o e interpreta\u00e7\u00e3o em Libras.<\/p>\n<p><img loading=\"lazy\" decoding=\"async\" class=\"size-medium wp-image-1218 aligncenter\" src=\"https:\/\/fiacbahia.com.br\/2024\/wp-content\/uploads\/2022\/10\/Giganteia_foto_Luciano_Almeida-B-300x200.jpg\" alt=\"\" width=\"300\" height=\"200\" srcset=\"https:\/\/fiacbahia.com.br\/2024\/wp-content\/uploads\/2022\/10\/Giganteia_foto_Luciano_Almeida-B-300x200.jpg 300w, https:\/\/fiacbahia.com.br\/2024\/wp-content\/uploads\/2022\/10\/Giganteia_foto_Luciano_Almeida-B-768x512.jpg 768w, https:\/\/fiacbahia.com.br\/2024\/wp-content\/uploads\/2022\/10\/Giganteia_foto_Luciano_Almeida-B.jpg 800w\" sizes=\"auto, (max-width: 300px) 100vw, 300px\" \/><\/p>\n<p>As atividades formativas do FIAC Bahia se complementam este ano com a realiza\u00e7\u00e3o de <a href=\"https:\/\/fiacbahia.com.br\/atividade\/oficinas2024\/\"><strong>tr\u00eas oficinas gratuitas<\/strong><\/a>. Na oficina Giganteia, do grupo mineiro Pigmali\u00e3o Escultura que Mexe, participantes ir\u00e3o escolher juntos um personagem de Salvador e ent\u00e3o construir um boneco gigante em sua homenagem, de modo a intervir nos regimes de visibilidade e invisibilidade na cidade atrav\u00e9s de uma a\u00e7\u00e3o p\u00fablica, que tamb\u00e9m integra a programa\u00e7\u00e3o do Semin\u00e1rio, no \u00faltimo dia do festival.<\/p>\n<p>Destaca-se ainda a parceria com a Forecast, plataforma internacional alem\u00e3 dedicada a facilitar, orientar e promover pr\u00e1ticas criativas pioneiras. A Forecast estar\u00e1 presente no FIAC com uma resid\u00eancia art\u00edstica envolvendo os artistas Alice Ripoll (RJ) e Mehdi Dahkan (Marrocos), que apresentar\u00e3o no dia 26\/10 uma mostra do processo de cria\u00e7\u00e3o desenvolvido durante o festival, com a colabora\u00e7\u00e3o de tr\u00eas pa\u00edses.<\/p>\n","protected":false},"excerpt":{"rendered":"<p>O Festival Internacional de Artes C\u00eanicas da Bahia (FIAC Bahia) est\u00e1 de volta, celebrando sua 15\u00aa edi\u00e7\u00e3o de 22 a 27 de outubro, em Salvador. Em seis dias de programa\u00e7\u00e3o intensa para adultos e crian\u00e7as, com espet\u00e1culos de dan\u00e7a, teatro e performances, o FIAC Bahia 15 tamb\u00e9m promover\u00e1 oficinas art\u00edsticas e os encontros reflexivos do 9\u00ba Semin\u00e1rio Internacional de Curadoria e Media\u00e7\u00e3o em Artes C\u00eanicas, que acontece dentro do festival.<\/p>\n<p>Este ano, o FIAC prop\u00f5e a instigante quest\u00e3o &#8220;Que Bahia \u00e9 essa?&#8221;, olhando para a produ\u00e7\u00e3o de artes c\u00eanicas do estado em di\u00e1logo com outras paisagens, no desejo de revelar suas nuances e diversidades. Um duplo movimento, para dentro e para fora, que reposiciona o festival em um novo ciclo de quatro anos, enfatizando o seu papel para o desenvolvimento cultural local. A 15\u00aa. edi\u00e7\u00e3o do FIAC Bahia \u00e9 uma realiza\u00e7\u00e3o 7oito Projetos e Produ\u00e7\u00f5es, com apoio financeiro do Estado &#8230;<\/p>\n","protected":false},"author":8,"featured_media":0,"parent":0,"menu_order":0,"comment_status":"closed","ping_status":"closed","template":"","meta":{"_et_pb_use_builder":"","_et_pb_old_content":"","_et_gb_content_width":"","footnotes":""},"class_list":["post-1300","page","type-page","status-publish","hentry"],"acf":[],"_links":{"self":[{"href":"https:\/\/fiacbahia.com.br\/2024\/wp-json\/wp\/v2\/pages\/1300","targetHints":{"allow":["GET"]}}],"collection":[{"href":"https:\/\/fiacbahia.com.br\/2024\/wp-json\/wp\/v2\/pages"}],"about":[{"href":"https:\/\/fiacbahia.com.br\/2024\/wp-json\/wp\/v2\/types\/page"}],"author":[{"embeddable":true,"href":"https:\/\/fiacbahia.com.br\/2024\/wp-json\/wp\/v2\/users\/8"}],"replies":[{"embeddable":true,"href":"https:\/\/fiacbahia.com.br\/2024\/wp-json\/wp\/v2\/comments?post=1300"}],"version-history":[{"count":2,"href":"https:\/\/fiacbahia.com.br\/2024\/wp-json\/wp\/v2\/pages\/1300\/revisions"}],"predecessor-version":[{"id":1302,"href":"https:\/\/fiacbahia.com.br\/2024\/wp-json\/wp\/v2\/pages\/1300\/revisions\/1302"}],"wp:attachment":[{"href":"https:\/\/fiacbahia.com.br\/2024\/wp-json\/wp\/v2\/media?parent=1300"}],"curies":[{"name":"wp","href":"https:\/\/api.w.org\/{rel}","templated":true}]}}