{"id":1113,"date":"2022-11-03T11:32:09","date_gmt":"2022-11-03T14:32:09","guid":{"rendered":"https:\/\/fiacbahia.com.br\/?page_id=1113"},"modified":"2022-11-03T11:32:09","modified_gmt":"2022-11-03T14:32:09","slug":"participe-do-fiac","status":"publish","type":"page","link":"https:\/\/fiacbahia.com.br\/2024\/participe-do-fiac\/","title":{"rendered":"Participe do FIAC!"},"content":{"rendered":"<p>O <strong>FIAC Bahia<\/strong> \u00e9 um chamamento para a constru\u00e7\u00e3o coletiva, compreendendo que rela\u00e7\u00f5es de coautoria e fortalecimento de v\u00ednculos comunit\u00e1rios s\u00e3o a\u00e7\u00f5es em fluxo cont\u00ednuo, num tempo espiralado. Neste sentido, o festival recebe propostas de obras e atividades a qualquer tempo atrav\u00e9s do e-mail <em>contato@7oito.com.br<\/em>.<\/p>\n<p>\u00c9 poss\u00edvel tamb\u00e9m atender a abertura de processos de cada edi\u00e7\u00e3o, respondendo a cadastros divulgados em temporadas espec\u00edficas em nossas plataformas digitais: <em>@fiacbahia<\/em><\/p>\n<p>Outra maneira de ficar sempre por dentro das novidades e estreias do FIAC Bahia \u00e9 atrav\u00e9s da newsletter do Festival, cujo cadastro pode ser feito atrav\u00e9s do link <a href=\"https:\/\/mailchi.mp\/7oito\/cadastro\"><em>https:\/\/mailchi.mp\/7oito\/cadastro<\/em><\/a>.<\/p>\n","protected":false},"excerpt":{"rendered":"<p>O FIAC Bahia \u00e9 um chamamento para a constru\u00e7\u00e3o coletiva, compreendendo que rela\u00e7\u00f5es de coautoria e fortalecimento de v\u00ednculos comunit\u00e1rios s\u00e3o a\u00e7\u00f5es em fluxo cont\u00ednuo, num tempo espiralado. Neste sentido, o festival recebe propostas de obras e atividades a qualquer tempo atrav\u00e9s do e-mail contato@7oito.com.br.<\/p>\n<p>\u00c9 poss\u00edvel tamb\u00e9m atender a abertura de processos de cada edi\u00e7\u00e3o, respondendo a cadastros divulgados em temporadas espec\u00edficas em nossas plataformas digitais: @fiacbahia<\/p>\n<p>Outra maneira de ficar sempre por dentro das novidades e estreias do FIAC Bahia \u00e9 atrav\u00e9s da newsletter do Festival, cujo cadastro pode ser feito atrav\u00e9s do link https:\/\/mailchi.mp\/7oito\/cadastro.<\/p>\n","protected":false},"author":8,"featured_media":0,"parent":0,"menu_order":0,"comment_status":"closed","ping_status":"closed","template":"","meta":{"_et_pb_use_builder":"","_et_pb_old_content":"","_et_gb_content_width":"","footnotes":""},"class_list":["post-1113","page","type-page","status-publish","hentry"],"acf":[],"_links":{"self":[{"href":"https:\/\/fiacbahia.com.br\/2024\/wp-json\/wp\/v2\/pages\/1113","targetHints":{"allow":["GET"]}}],"collection":[{"href":"https:\/\/fiacbahia.com.br\/2024\/wp-json\/wp\/v2\/pages"}],"about":[{"href":"https:\/\/fiacbahia.com.br\/2024\/wp-json\/wp\/v2\/types\/page"}],"author":[{"embeddable":true,"href":"https:\/\/fiacbahia.com.br\/2024\/wp-json\/wp\/v2\/users\/8"}],"replies":[{"embeddable":true,"href":"https:\/\/fiacbahia.com.br\/2024\/wp-json\/wp\/v2\/comments?post=1113"}],"version-history":[{"count":1,"href":"https:\/\/fiacbahia.com.br\/2024\/wp-json\/wp\/v2\/pages\/1113\/revisions"}],"predecessor-version":[{"id":1114,"href":"https:\/\/fiacbahia.com.br\/2024\/wp-json\/wp\/v2\/pages\/1113\/revisions\/1114"}],"wp:attachment":[{"href":"https:\/\/fiacbahia.com.br\/2024\/wp-json\/wp\/v2\/media?parent=1113"}],"curies":[{"name":"wp","href":"https:\/\/api.w.org\/{rel}","templated":true}]}}