{"id":176,"date":"2021-10-15T11:40:22","date_gmt":"2021-10-15T14:40:22","guid":{"rendered":"https:\/\/fiacbahia.com.br\/2021\/?page_id=176"},"modified":"2021-10-15T17:26:56","modified_gmt":"2021-10-15T20:26:56","slug":"inscricoes","status":"publish","type":"page","link":"https:\/\/fiacbahia.com.br\/2021\/inscricoes\/","title":{"rendered":"INSCRI\u00c7\u00d5ES"},"content":{"rendered":"<p>O FIAC Bahia \u00e9 um chamamento para a constru\u00e7\u00e3o coletiva, compreendendo que rela\u00e7\u00f5es de coautoria e fortalecimento de v\u00ednculos comunit\u00e1rios s\u00e3o a\u00e7\u00f5es em fluxo cont\u00ednuo, num tempo espiralado. Neste sentido, o festival recebe propostas de obras e atividades a qualquer tempo atrav\u00e9s do e-mail contato@7oito.com.br.<\/p>\n<p>\u00c9 poss\u00edvel tamb\u00e9m atender a abertura de processos de cada edi\u00e7\u00e3o, respondendo a cadastros divulgados em nossas plataformas digitais: @fiacbahia<\/p>\n<p>Outra maneira de ficar sempre por dentro das novidades e estreias do FIAC Bahia \u00e9 atrav\u00e9s da newsletter do Festival, cujo cadastro pode ser feito atrav\u00e9s do link <a href=\"https:\/\/mailchi.mp\/7oito\/cadastro\">https:\/\/mailchi.mp\/7oito\/cadastro<\/a>.<\/p>\n","protected":false},"excerpt":{"rendered":"<p>O FIAC Bahia \u00e9 um chamamento para a constru\u00e7\u00e3o coletiva, compreendendo que rela\u00e7\u00f5es de coautoria e fortalecimento de v\u00ednculos comunit\u00e1rios s\u00e3o a\u00e7\u00f5es em fluxo cont\u00ednuo, num tempo espiralado. Neste sentido, o festival recebe propostas de obras e atividades a qualquer tempo atrav\u00e9s do e-mail contato@7oito.com.br.<\/p>\n<p>\u00c9 poss\u00edvel tamb\u00e9m atender a abertura de processos de cada edi\u00e7\u00e3o, respondendo a cadastros divulgados em nossas plataformas digitais: @fiacbahia<\/p>\n<p>Outra maneira de ficar sempre por dentro das novidades e estreias do FIAC Bahia \u00e9 atrav\u00e9s da newsletter do Festival, cujo cadastro pode ser feito atrav\u00e9s do link https:\/\/mailchi.mp\/7oito\/cadastro.<\/p>\n","protected":false},"author":1,"featured_media":0,"parent":0,"menu_order":0,"comment_status":"closed","ping_status":"closed","template":"page-template-fiac.php","meta":{"_et_pb_use_builder":"","_et_pb_old_content":"","_et_gb_content_width":"","footnotes":""},"class_list":["post-176","page","type-page","status-publish","hentry"],"_links":{"self":[{"href":"https:\/\/fiacbahia.com.br\/2021\/wp-json\/wp\/v2\/pages\/176","targetHints":{"allow":["GET"]}}],"collection":[{"href":"https:\/\/fiacbahia.com.br\/2021\/wp-json\/wp\/v2\/pages"}],"about":[{"href":"https:\/\/fiacbahia.com.br\/2021\/wp-json\/wp\/v2\/types\/page"}],"author":[{"embeddable":true,"href":"https:\/\/fiacbahia.com.br\/2021\/wp-json\/wp\/v2\/users\/1"}],"replies":[{"embeddable":true,"href":"https:\/\/fiacbahia.com.br\/2021\/wp-json\/wp\/v2\/comments?post=176"}],"version-history":[{"count":3,"href":"https:\/\/fiacbahia.com.br\/2021\/wp-json\/wp\/v2\/pages\/176\/revisions"}],"predecessor-version":[{"id":191,"href":"https:\/\/fiacbahia.com.br\/2021\/wp-json\/wp\/v2\/pages\/176\/revisions\/191"}],"wp:attachment":[{"href":"https:\/\/fiacbahia.com.br\/2021\/wp-json\/wp\/v2\/media?parent=176"}],"curies":[{"name":"wp","href":"https:\/\/api.w.org\/{rel}","templated":true}]}}